its digit of q?
4
Suppose 4*v - 279 - 1037 = 4*c, 4*c + 1642 = 5*v. What is the tens digit of v?
2
Let f = -40 - -26. Suppose -p - s + 42 = -4*s, 133 = 4*p - 5*s. Let a = f + p. What is the tens digit of a?
1
Let a(o) = -o + 1. Let g(m) = m - 1. Let h be g(-8). What is the units digit of a(h)?
0
Let l be (-482)/(-8) - 1/4. Suppose -x = -6*x - l. What is the units digit of ((-16)/x)/(2/12)?
8
Suppose 24*b - 33*b + 855 = 0. What is the tens digit of b?
9
Suppose -2*x = x + 2*f - 599, 3*x = 5*f + 613. What is the tens digit of x?
0
Let k = -10 - -16. What is the units digit of (-9)/k*8/(-3)?
4
Let u(t) be the second derivative of t**6/120 + t**5/15 + t**4/8 - t**2/2 - 3*t. Let b(w) be the first derivative of u(w). What is the units digit of b(-2)?
2
Let l = -8 - -20. Let i = l + -19. Let u = -5 - i. What is the units digit of u?
2
Let t(w) = -7*w**2 + w - 9 - 6*w - w**3 - 3*w. Let j be t(-6). Suppose -j*s = -3 - 0. What is the units digit of s?
1
Suppose l + y = 25 + 105, -2*l - 5*y = -251. What is the units digit of l?
3
Let a = 147 - 15. What is the units digit of a?
2
Suppose 8*t - 561 = 1583. What is the hundreds digit of t?
2
Let z(n) = -n - 1. Let x(v) = -3*v**2 - 6*v - 4. Let a(m) = -x(m) + 4*z(m). Let w be a(-2). Let j = 13 - w. What is the units digit of j?
5
Let k(l) = 24*l**2 - 2*l - 1. Suppose -3*j + 0 - 3 = 0. What is the units digit of k(j)?
5
Let q(f) = -f**2 - 1. Let j be q(1). Let t(m) be the second derivative of m**4/6 + m**3/3 - m**2/2 + 4*m. What is the units digit of t(j)?
3
Let a(s) be the third derivative of s**5/60 + s**4/24 - s**3/6 - s**2. Let v(b) = -9*b**2 + 3*b - 3. Let g(f) = 3*a(f) - v(f). What is the units digit of g(-1)?
2
Let i(m) = m**2 + 3*m + 6. Let h be i(-4). Let r be (-2)/h - 32/(-10). Suppose -14 = t + 4*y, r + 0 = 3*t + 3*y. What is the units digit of t?
6
Suppose 4*j - 17 = 2*d - 1, 5*d = -4*j + 16. Let y = d + 2. Suppose 0 = y*c - 0*c - 22. What is the units digit of c?
1
Suppose -3*a + 5 = -2*a. Suppose 6*r - 2*z - 42 = 4*r, -99 = -a*r + 3*z. Suppose 5*t - r = 2*t. What is the units digit of t?
6
Let u(o) = 11 - 6 - 3 + 2*o. What is the units digit of u(3)?
8
Let f = 17 - 14. Let i = 3 + -3. What is the units digit of 1/(i + f/36)?
2
Suppose 4*h = -2 + 22. Suppose 6 = -0*b - 2*b - 3*a, 2*b + h*a = -14. Let x = -1 + b. What is the units digit of x?
2
Let t(x) = x**3 - 4*x**2 - 3*x + 8. What is the units digit of t(5)?
8
Let w be 4/(-8) - 6/(-4). What is the units digit of (-7)/(1/(-2 + w))?
7
Suppose -k = 4*k. Let i(s) = -s + 1. Let q be i(0). Let g = k + q. What is the units digit of g?
1
Let s(a) be the third derivative of a**4/24 - 5*a**3/6 - 3*a**2. What is the units digit of s(7)?
2
Let g be (12/20)/((-1)/(-5)). Suppose 5*k + 56 = g*b, 0 = b + k - 36 + 12. What is the units digit of b?
2
Let g(i) = i**2 + 5*i - 1. What is the tens digit of g(7)?
8
Let r = -16 - -31. What is the tens digit of r?
1
Suppose -5*c + 90 - 30 = 0. Suppose 3*j = 45 - c. What is the tens digit of j?
1
Let z be (-2 - (-6 + 3)) + 0. Suppose -2 = -o - z. What is the units digit of o?
1
Suppose 7 + 3 = 2*h. Let s(y) = y**2 - 5*y + 3. Let r be s(h). What is the units digit of ((-2)/r)/((-2)/30)?
0
What is the units digit of 20/70 + (80/14)/1?
6
Let w = 2 + 3. Suppose 0*l + 5 = -w*l, 4*o - l - 89 = 0. Suppose -3*s = 7 - o. What is the units digit of s?
5
Suppose 0 = 4*c + 2*a + a + 56, 2*c + a = -26. Let p = c + 13. What is the units digit of p?
2
Let l(c) = 2*c + 22. Let n be l(-10). What is the tens digit of n*2 + (2 - -23)?
2
Let x be 0 + 1 - (1 + -3). Suppose 0*j - 6 = -x*j. Suppose -3*w + 4*c - 18 = -8*w, -j*w + c = -2. What is the units digit of w?
2
Suppose 3*o = 2*o + 20. Suppose -2*v + 5*b - 25 = 3*v, -5*v = -4*b + o. Suppose 0 = -t + 3 - v. What is the units digit of t?
3
Suppose 255 = 5*j - 30. Let z = j + -40. What is the tens digit of z?
1
Let q(w) = -w - 3. Let n be q(-7). Suppose 79 = -4*x - n*k + 239, 0 = 5*x + 2*k - 188. What is the tens digit of x?
3
Suppose 2 = -k + 6. Suppose -12 = -4*g + 4*t, g + 5*t + k - 1 = 0. Suppose 3 = -z + g*z. What is the units digit of z?
3
Suppose 11 = -i + 48. Suppose 5*k - 12 = 13, p = -5*k + i. What is the tens digit of p?
1
Let p = 13 - 10. What is the units digit of 8/p - 2/3?
2
Let m = 8 + 5. Let o be ((60/9)/5)/(4/(-6)). What is the units digit of m*1 - (o + 0)?
5
Let x = 104 - 62. Suppose s + 94 = 5*s + 3*f, 0 = -2*s + f + x. What is the tens digit of s?
2
Let b = 26 - -63. What is the units digit of b/7 - 6/(-21)?
3
Let b = -84 - -334. What is the units digit of b?
0
Let w(p) = -2*p + 3. Let f be w(4). Let i(u) = -2*u - 1. Let j be i(f). Suppose -6 = -2*y - 3*b + j, -b = -4*y + 23. What is the units digit of y?
6
What is the units digit of (-1 + -76)*(-9)/9?
7
Let c be (-4 - -6) + 4/2. Suppose -c*u + 2*u = -8. Suppose u*j + r - 4*r = 34, 3*j = -5*r + 11. What is the units digit of j?
7
Let o(w) = -w**2 + 3*w + 5. Let h be o(4). Let l be h/3 - (-5)/3. Suppose 4*b + 2*j = l, 2*b + 1 = -0*j - 3*j. What is the units digit of b?
1
Suppose 4*o - h - 68 + 214 = 0, 3*o + 118 = 5*h. Let m = -21 - o. What is the tens digit of m?
1
Suppose -152 - 72 = -4*s. What is the tens digit of s?
5
Let u = -16 + 60. What is the units digit of u?
4
Suppose 3*j - 3*h + 12 = 0, 0 = 3*j - 0*j + 5*h - 4. Let g be 2 - (-1 - (-2 - j)). Suppose g*m - 7 = 23. What is the units digit of m?
0
Suppose -n + 6*n = -20. Let i(u) = 2*u**2 + 7*u + 4. What is the units digit of i(n)?
8
Let z(f) = -f**3 + 8*f**2 - 5*f - 4. Let p be z(5). Suppose -3*u + p + 74 = 0. What is the units digit of 2/5 + u/25?
2
Suppose -4*z + 869 = -7*h + 2*h, 0 = -2*z + 2*h + 436. What is the hundreds digit of z?
2
Suppose 2*f = 4*f - 2*r - 58, -4*f = -5*r - 115. Suppose -3*l - f = -5*t, -65 = -5*t - 3*l - l. What is the units digit of t?
9
Suppose 4*l - 9 = 11. Suppose -u - u - 180 = -5*p, 144 = 4*p + l*u. Suppose -2*f + p = f. What is the tens digit of f?
1
Let r(n) = 32*n**2 - 6*n + 3. What is the tens digit of r(2)?
1
What is the tens digit of (159/(-12) + 4)*-8?
7
Let y = -140 - -240. Suppose u + 3*u - y = -5*i, 0 = -5*u + i + 96. What is the tens digit of u?
2
Suppose -3*s = 28 + 17. Let h = -6 - s. What is the units digit of h?
9
Let u = 3 - -7. Suppose 9 = a - u. What is the tens digit of a?
1
Suppose -2*w + 143 = 3*v, -3*v + 7*v - 200 = 2*w. Let o = v + -11. What is the units digit of o?
8
Let w(l) = -l**3 - 3*l**2 + 2. Let z be w(-2). Let r(a) = a**2 - a - 2. What is the units digit of r(z)?
4
Suppose 2*y - 2 = r, -3*y + 0*y = -4*r + 7. Let o = y - -2. What is the units digit of o?
5
Suppose 2*f = 231 + 285. What is the tens digit of f?
5
What is the tens digit of -876*(2/3 + -1)?
9
Let i = -59 - -24. Let t = 24 + i. Let b = 18 + t. What is the units digit of b?
7
Let s = -155 - -231. What is the units digit of s?
6
Let y = 5 + -8. Let r(k) = k - 11. Let l be r(9). What is the units digit of 1 + (11 - y - l)?
7
Suppose -2*p - i - 76 = -3*p, -5*i = -4*p + 308. What is the tens digit of p?
7
Suppose -v - 3*v + 140 = 0. What is the tens digit of v?
3
Let d(a) = a**3 - 11*a**2 + 13*a - 5. Let o be d(9). Let b = o + 74. What is the units digit of b?
4
Let p(n) = 2*n**2 + 5*n - 2. What is the units digit of p(-6)?
0
Let g(x) = -6*x. Let m be g(-6). Suppose -5*d - 6 = -31. Suppose 3*r + m = d*r. What is the tens digit of r?
1
Let d be 11 + (1 + -1 - 1). What is the units digit of d*-1*5/(-10)?
5
Let b = -246 - -494. What is the tens digit of b?
4
Let y be 10 + 1 - (8 - 9). Let g = 21 - y. What is the units digit of g?
9
Let v(b) = b + 12. Suppose -5*z + 2*z = 0. Let h be v(z). Suppose -3*p + h = -30. What is the tens digit of p?
1
Let j = -145 - -338. What is the hundreds digit of j?
1
Suppose 15 = -0*q - 5*q. Let h(y) = -4*y - 3. What is the units digit of h(q)?
9
Suppose -36 = -2*z - 0*z. Let m = z - 3. What is the units digit of m?
5
Let l = 310 - 202. Let r = l - 74. What is the tens digit of r?
3
Suppose -25 = -3*a - 3*j - 7, -2*j = -2*a - 4. Suppose 0 = -a*b - h + 14 + 44, 0 = 3*h. What is the units digit of b?
9
Suppose 2*l + 4*h - 74 = 0, -4*l - 3*h + 124 = -7*h. Suppose -2*o - 2 = -8. Suppose -l + 0 = -o*x. What is the tens digit of x?
1
Let f(j) be the third derivative of j**4/12 + j**3/6 - 3*j**2. Suppose -5*d = -0*d 